{"id":44204,"date":"2016-03-07T10:35:44","date_gmt":"2016-03-07T09:35:44","guid":{"rendered":"https:\/\/www.daliform.com\/iglu\/applicering-iglu\/ventilerade-tak\/"},"modified":"2022-03-02T09:40:11","modified_gmt":"2022-03-02T08:40:11","slug":"ventilerade-tak","status":"publish","type":"page","link":"https:\/\/www.daliform.com\/sv\/iglu-ventilerad-underjords-halighet\/iglu-applicering\/ventilerade-tak\/","title":{"rendered":"Ventilerade tak"},"content":{"rendered":"<p>[vc_row padding_top=&#8221;0&#8243; padding_bottom=&#8221;0&#8243;][vc_column]\n\t<div class=\"custom-heading wpb_content_element  heading-medium\">\n\t\t<h2 class=\"heading-title\" >F\u00f6rverkligandet av ett ventilerat tak med Iglu'\u00ae ventilerade tak ger \u00f6kad boendekomfort b\u00e5de p\u00e5 vintern och p\u00e5 sommaren.<\/h2>\n\t\t<span class=\"heading-line primary\"><\/span>\n\t<\/div>[\/vc_column][\/vc_row][vc_row][vc_column width=&#8221;1\/2&#8243;][vc_single_image image=&#8221;44155&#8243; img_size=&#8221;large&#8221;][\/vc_column][vc_column width=&#8221;1\/2&#8243;][vc_column_text]Taket \u00e4r en mycket viktig del av varje byggnad f\u00f6r att s\u00e4kerst\u00e4lla ett effektivt svar p\u00e5 milj\u00f6faktorer s\u00e5som temperatursf\u00f6r\u00e4ndringar och v\u00e4der.<br \/>\nAnv\u00e4ndningen av Iglu&#8217;\u00ae ventilerade tak inom bost\u00e4der, kommersiella, industriella och offentliga byggnader \u00e4r avg\u00f6rande f\u00f6r att skapa:<br \/>\n&#8211;<strong> bekv\u00e4ma vindar med l\u00e4mpliga egenskaper<\/strong>: att skapa en luftspalt av konstant tjocklek \u00e4r ett str\u00e5lande designval, kompatibelt med alla sadeltak i armerad betong.<br \/>\n&#8211; <strong>platt taks terrasser\u00e4r<\/strong> f\u00f6r att m\u00f6jligg\u00f6ra fullt utnyttjande av ytan p\u00e5 den byggda utrymmet[\/vc_column_text][\/vc_column][vc_column][vc_column_text]<strong>F\u00d6RDELAR:<br \/>\n<\/strong>\u2022 UNDER VINTERM\u00c5NADERNA, ATT ST\u00c4NGA VENTILATIONEN MED ETT ENKELT REGISTER, DET KAN ISOLERA FR\u00c5N KYLAN UTANF\u00d6R.<br \/>\n\u2022 UNDER SOMMARM\u00c5NADERNA KAN DET MINSKA UPPV\u00c4RMNING AV UTRYMMEN UNDERTILL GENOM VENTILATION.<br \/>\n\u2022 VENTILATIONEN UNDVIKER OCKS\u00c5 FUKT STAGNATIONEN UNDERTILL TAKYTAN OCH D\u00c4RMED F\u00d6RHINDRAR UPPKOMSTEN AV M\u00d6GEL ELLER ANDRA \u00c4MNEN SOM KAN LEDA TILL EN F\u00d6RS\u00c4MRING AV STRUKTUREN.<br \/>\n\u2022 BETYDANDE BESPARINGAR P\u00c5 ENERGIF\u00d6RBRUKNINGEN (V\u00c4RME \/ KYLA).[\/vc_column_text][vc_column_text]<\/p>\n<p class=\"p1\"><strong>Genom att placera Igl\u00f9<sup>\u00ae<\/sup> ventilerade tak formar p\u00e5 byggnadens horisontella tak, \u00e4r en luft ficka skapad som isolerar fr\u00e5n v\u00e4rmen p\u00e5 sommaren och fr\u00e5n kylan p\u00e5 vintern, vilket resulterar i besparingar i inomhus luftkonditionering.<\/strong><\/p>\n<p class=\"p1\">Ackumuleringen av v\u00e4rme p\u00e5 sommaren och l\u00e5ga vintertemperaturer med bildandet av kondens och m\u00f6gel, \u00e4r f\u00f6reteelser som kan finna en giltig l\u00f6sning antagandet av ett ventilerat tak med Iglu&#8217;<sup>\u00ae<\/sup> ventilerade tak, ett system som befr\u00e4mjar kontinuerligt luftfl\u00f6de inuti underbel\u00e4ggning.<br \/>\n<strong>F\u00f6rverkligandet av ett ventilerat tak (platt och sadeltak) med Iglu&#8217;<sup>\u00ae <\/sup>ventilerade tak ger \u00f6kad boendekomfort b\u00e5de p\u00e5 vintern och p\u00e5 sommaren, samt f\u00f6rb\u00e4ttring av bevarandet av de material som utg\u00f6r taket.<\/strong><\/p>\n<p>[\/vc_column_text][\/vc_column][\/vc_row][vc_row][vc_column][vc_separator][vc_column_text css=&#8221;.vc_custom_1592297006811{margin-bottom: 15px !important;}&#8221;]<strong><span lang=\"sv\">REKOMMENDERADE PRODUKTER<\/span>:<\/strong>[\/vc_column_text][vc_empty_space height=&#8221;10px&#8221;][\/vc_column][vc_column][vc_masonry_grid post_type=&#8221;ids&#8221; element_width=&#8221;3&#8243; grid_id=&#8221;vc_gid:1627391613477-e9d16684-6942-0&#8243; include=&#8221;1034&#8243; el_class=&#8221;text-size-p&#8221;][\/vc_column][\/vc_row]<\/p>\n","protected":false},"excerpt":{"rendered":"<p>F\u00f6rverkligandet av ett ventilerat tak (platt och sadeltak) med Iglu&#8217;\u00ae ventilerade tak ger \u00f6kad boendekomfort b\u00e5de p\u00e5 vintern och p\u00e5 sommaren.<\/p>\n","protected":false},"author":1,"featured_media":57907,"parent":42737,"menu_order":2,"comment_status":"closed","ping_status":"closed","template":"","meta":[],"acf":[],"aioseo_notices":[],"_links":{"self":[{"href":"https:\/\/www.daliform.com\/sv\/wp-json\/wp\/v2\/pages\/44204"}],"collection":[{"href":"https:\/\/www.daliform.com\/sv\/wp-json\/wp\/v2\/pages"}],"about":[{"href":"https:\/\/www.daliform.com\/sv\/wp-json\/wp\/v2\/types\/page"}],"author":[{"embeddable":true,"href":"https:\/\/www.daliform.com\/sv\/wp-json\/wp\/v2\/users\/1"}],"replies":[{"embeddable":true,"href":"https:\/\/www.daliform.com\/sv\/wp-json\/wp\/v2\/comments?post=44204"}],"version-history":[{"count":0,"href":"https:\/\/www.daliform.com\/sv\/wp-json\/wp\/v2\/pages\/44204\/revisions"}],"up":[{"embeddable":true,"href":"https:\/\/www.daliform.com\/sv\/wp-json\/wp\/v2\/pages\/42737"}],"wp:featuredmedia":[{"embeddable":true,"href":"https:\/\/www.daliform.com\/sv\/wp-json\/wp\/v2\/media\/57907"}],"wp:attachment":[{"href":"https:\/\/www.daliform.com\/sv\/wp-json\/wp\/v2\/media?parent=44204"}],"curies":[{"name":"wp","href":"https:\/\/api.w.org\/{rel}","templated":true}]}}

<p>[vc_row padding_top=&#8221;0&#8243; padding_bottom=&#8221;0&#8243;][vc_column]
	<div class="custom-heading wpb_content_element  heading-medium">
		<h2 class="heading-title" >Förverkligandet av ett ventilerat tak med Iglu'® ventilerade tak ger ökad boendekomfort både på vintern och på sommaren.</h2>
		<span class="heading-line primary"></span>
	</div>[/vc_column][/vc_row][vc_row][vc_column width=&#8221;1/2&#8243;][vc_single_image image=&#8221;44155&#8243; img_size=&#8221;large&#8221;][/vc_column][vc_column width=&#8221;1/2&#8243;][vc_column_text]Taket är en mycket viktig del av varje byggnad för att säkerställa ett effektivt svar på miljöfaktorer såsom temperatursförändringar och väder.<br />
Användningen av Iglu&#8217;® ventilerade tak inom bostäder, kommersiella, industriella och offentliga byggnader är avgörande för att skapa:<br />
&#8211;<strong> bekväma vindar med lämpliga egenskaper</strong>: att skapa en luftspalt av konstant tjocklek är ett strålande designval, kompatibelt med alla sadeltak i armerad betong.<br />
&#8211; <strong>platt taks terrasserär</strong> för att möjliggöra fullt utnyttjande av ytan på den byggda utrymmet[/vc_column_text][/vc_column][vc_column][vc_column_text]<strong>FÖRDELAR:<br />
</strong>• UNDER VINTERMÅNADERNA, ATT STÄNGA VENTILATIONEN MED ETT ENKELT REGISTER, DET KAN ISOLERA FRÅN KYLAN UTANFÖR.<br />
• UNDER SOMMARMÅNADERNA KAN DET MINSKA UPPVÄRMNING AV UTRYMMEN UNDERTILL GENOM VENTILATION.<br />
• VENTILATIONEN UNDVIKER OCKSÅ FUKT STAGNATIONEN UNDERTILL TAKYTAN OCH DÄRMED FÖRHINDRAR UPPKOMSTEN AV MÖGEL ELLER ANDRA ÄMNEN SOM KAN LEDA TILL EN FÖRSÄMRING AV STRUKTUREN.<br />
• BETYDANDE BESPARINGAR PÅ ENERGIFÖRBRUKNINGEN (VÄRME / KYLA).[/vc_column_text][vc_column_text]</p>
<p class="p1"><strong>Genom att placera Iglù<sup>®</sup> ventilerade tak formar på byggnadens horisontella tak, är en luft ficka skapad som isolerar från värmen på sommaren och från kylan på vintern, vilket resulterar i besparingar i inomhus luftkonditionering.</strong></p>
<p class="p1">Ackumuleringen av värme på sommaren och låga vintertemperaturer med bildandet av kondens och mögel, är företeelser som kan finna en giltig lösning antagandet av ett ventilerat tak med Iglu&#8217;<sup>®</sup> ventilerade tak, ett system som befrämjar kontinuerligt luftflöde inuti underbeläggning.<br />
<strong>Förverkligandet av ett ventilerat tak (platt och sadeltak) med Iglu&#8217;<sup>® </sup>ventilerade tak ger ökad boendekomfort både på vintern och på sommaren, samt förbättring av bevarandet av de material som utgör taket.</strong></p>
<p>[/vc_column_text][/vc_column][/vc_row][vc_row][vc_column][vc_separator][vc_column_text css=&#8221;.vc_custom_1592297006811{margin-bottom: 15px !important;}&#8221;]<strong><span lang="sv">REKOMMENDERADE PRODUKTER</span>:</strong>[/vc_column_text][vc_empty_space height=&#8221;10px&#8221;][/vc_column][vc_column][vc_masonry_grid post_type=&#8221;ids&#8221; element_width=&#8221;3&#8243; grid_id=&#8221;vc_gid:1627391613477-e9d16684-6942-0&#8243; include=&#8221;1034&#8243; el_class=&#8221;text-size-p&#8221;][/vc_column][/vc_row]</p>

<p>Förverkligandet av ett ventilerat tak (platt och sadeltak) med Iglu&#8217;® ventilerade tak ger ökad boendekomfort både på vintern och på sommaren.</p>
