{"id":44188,"date":"2016-03-07T10:35:44","date_gmt":"2016-03-07T09:35:44","guid":{"rendered":"https:\/\/www.daliform.com\/iglu\/zastosowania-iglu\/dachow-wentylowanych\/"},"modified":"2022-03-02T09:39:30","modified_gmt":"2022-03-02T08:39:30","slug":"dachow-wentylowanych","status":"publish","type":"page","link":"https:\/\/www.daliform.com\/pl\/iglu-wentylowanych-przestrzeni-podpodlogowych\/iglu-zastosowania\/dachow-wentylowanych\/","title":{"rendered":"Dach\u00f3w wentylowanych"},"content":{"rendered":"<p>[vc_row padding_top=&#8221;0&#8243; padding_bottom=&#8221;0&#8243;][vc_column]\n\t<div class=\"custom-heading wpb_content_element  heading-medium\">\n\t\t<h2 class=\"heading-title\" >Zastosowanie dachu wentylowanego Iglu'\u00ae zapewnia wi\u0119kszy komfort \u017cycia, zar\u00f3wno zim\u0105 jak i latem.<\/h2>\n\t\t<span class=\"heading-line primary\"><\/span>\n\t<\/div>[\/vc_column][\/vc_row][vc_row][vc_column width=&#8221;1\/2&#8243;][vc_single_image image=&#8221;44151&#8243; img_size=&#8221;large&#8221;][\/vc_column][vc_column width=&#8221;1\/2&#8243;][vc_column_text]Dach jest bardzo wa\u017cn\u0105 cz\u0119\u015bci\u0105 ka\u017cdego budynku, odpowiedzialn\u0105 za skuteczna reakcj\u0119 na czynniki \u015brodowiskowe, takie jak wahania temperatury i pogoda.<br \/>\nKorzystanie z systemu Iglu&#8217;\u00ae ventilated roof w budynkach mieszkalnych, handlowych, przemys\u0142owych i publicznych jest niezb\u0119dne, aby m\u00f3c stworzy\u0107:<br \/>\n&#8211; <strong>wygodne poddasza<\/strong> z odpowiednimi w\u0142a\u015bciwo\u015bciami cieplno-wilgotno\u015bciowymi: utworzenie szczeliny powietrznej o sta\u0142ej grubo\u015bci to doskona\u0142y wyb\u00f3r konstrukcji, kompatybilny z ka\u017cdym dachem dwuspadowym z betonu zbrojonego.<br \/>\n&#8211; <strong>p\u0142askie tarasy dachowe<\/strong>, aby umo\u017cliwi\u0107 pe\u0142ne wykorzystanie wybudowanej powierzchni.[\/vc_column_text][\/vc_column][vc_column][vc_column_text]<strong>ZALETY:<br \/>\n<\/strong>\u2022 W MIESI\u0104CACH ZIMOWYCH POPRZEZ ZAMYKANIE WENTYLACJI ZA POMOC\u0104 PROSTEJ ZASUWY DACH WENTYLOWANY MO\u017bE IZOLOWA\u0106 OD ZIMNA PANUJ\u0104CEGO NA ZEWN\u0104TRZ.<br \/>\n\u2022 W MIESI\u0104CACH LETNICH MO\u017bE ON ZMNIEJSZY\u0106 NAGRZEWANIE PRZESTRZENI ZNAJDUJ\u0104CEJ SI\u0118 PONI\u017bEJ DZI\u0118KI WENTYLACJI.<br \/>\n\u2022 WENTYLACJA ZAPOBIEGA R\u00d3WNIE\u017b GROMADZENIU SI\u0118 WILGOCI PONI\u017bEJ POWIERZCHNI DACHU, A TYM SAMYM ZAPOBIEGA POWSTAWANIU PLE\u015aNI I INNYCH SUBSTANCJI, KT\u00d3RE MOG\u0104 PROWADZI\u0106 DO DEGRADACJI KONSTRUKCJI.<br \/>\n\u2022 ZNACZNA OSZCZ\u0118DNO\u015a\u0106 ZU\u017bYCIA ENERGII (OGRZEWANIE\/CH\u0141ODZENIE).[\/vc_column_text][vc_column_text]<\/p>\n<p class=\"p1\"><strong>Umieszczenie oszalowania dachu wentylowanego Igl\u00f9<sup>\u00ae<\/sup> na poziomym dachu budynku powoduje utworzenie wn\u0119ki powietrznej izoluj\u0105cej od ciep\u0142a latem i od zimna zim\u0105 oraz oszcz\u0119dno\u015b\u0107 pod wzgl\u0119dem klimatyzacji wewn\u0119trznej budynku.<\/strong><\/p>\n<p class=\"p1\">Akumulacja ciep\u0142a latem i niskie temperatury zim\u0105 wraz z powstawaniem kondensacji i ple\u015bni to zjawiska, kt\u00f3rych istotnym rozwi\u0105zaniem mo\u017ce by\u0107 zastosowanie dachu wentylowanego Iglu&#8217;<sup>\u00ae<\/sup>, systemu, kt\u00f3ry umo\u017cliwia ci\u0105g\u0142y przep\u0142yw powietrza pod pokryw\u0105 dachow\u0105.<br \/>\n<strong>Zastosowanie dachu wentylowanego Iglu&#8217;<sup>\u00ae<\/sup> (na dachach p\u0142askich i sko\u015bnych) zapewnia wi\u0119kszy komfort \u017cycia, zar\u00f3wno zim\u0105 jak i latem, jak r\u00f3wnie\u017c wspomaga ochron\u0119 materia\u0142\u00f3w tworz\u0105cych dach.<\/strong><\/p>\n<p>[\/vc_column_text][\/vc_column][\/vc_row][vc_row][vc_column][vc_separator][vc_column_text css=&#8221;.vc_custom_1592297006811{margin-bottom: 15px !important;}&#8221;]<strong>REKOMENDOWANE PRODUKTY:<\/strong>[\/vc_column_text][vc_empty_space height=&#8221;10px&#8221;][\/vc_column][vc_column][vc_masonry_grid post_type=&#8221;ids&#8221; element_width=&#8221;3&#8243; grid_id=&#8221;vc_gid:1627391613477-e9d16684-6942-0&#8243; include=&#8221;1034&#8243; el_class=&#8221;text-size-p&#8221;][\/vc_column][\/vc_row]<\/p>\n","protected":false},"excerpt":{"rendered":"<p>Wentylowanego Iglu&#8217;\u00ae, systemu, kt\u00f3ry umo\u017cliwia ci\u0105g\u0142y przep\u0142yw powietrza pod pokryw\u0105 dachow\u0105. <\/p>\n","protected":false},"author":1,"featured_media":57903,"parent":42593,"menu_order":2,"comment_status":"closed","ping_status":"closed","template":"","meta":[],"acf":[],"aioseo_notices":[],"_links":{"self":[{"href":"https:\/\/www.daliform.com\/pl\/wp-json\/wp\/v2\/pages\/44188"}],"collection":[{"href":"https:\/\/www.daliform.com\/pl\/wp-json\/wp\/v2\/pages"}],"about":[{"href":"https:\/\/www.daliform.com\/pl\/wp-json\/wp\/v2\/types\/page"}],"author":[{"embeddable":true,"href":"https:\/\/www.daliform.com\/pl\/wp-json\/wp\/v2\/users\/1"}],"replies":[{"embeddable":true,"href":"https:\/\/www.daliform.com\/pl\/wp-json\/wp\/v2\/comments?post=44188"}],"version-history":[{"count":0,"href":"https:\/\/www.daliform.com\/pl\/wp-json\/wp\/v2\/pages\/44188\/revisions"}],"up":[{"embeddable":true,"href":"https:\/\/www.daliform.com\/pl\/wp-json\/wp\/v2\/pages\/42593"}],"wp:featuredmedia":[{"embeddable":true,"href":"https:\/\/www.daliform.com\/pl\/wp-json\/wp\/v2\/media\/57903"}],"wp:attachment":[{"href":"https:\/\/www.daliform.com\/pl\/wp-json\/wp\/v2\/media?parent=44188"}],"curies":[{"name":"wp","href":"https:\/\/api.w.org\/{rel}","templated":true}]}}

Dachów wentylowanych

<p>[vc_row padding_top=&#8221;0&#8243; padding_bottom=&#8221;0&#8243;][vc_column]
	<div class="custom-heading wpb_content_element  heading-medium">
		<h2 class="heading-title" >Zastosowanie dachu wentylowanego Iglu'® zapewnia większy komfort życia, zarówno zimą jak i latem.</h2>
		<span class="heading-line primary"></span>
	</div>[/vc_column][/vc_row][vc_row][vc_column width=&#8221;1/2&#8243;][vc_single_image image=&#8221;44151&#8243; img_size=&#8221;large&#8221;][/vc_column][vc_column width=&#8221;1/2&#8243;][vc_column_text]Dach jest bardzo ważną częścią każdego budynku, odpowiedzialną za skuteczna reakcję na czynniki środowiskowe, takie jak wahania temperatury i pogoda.<br />
Korzystanie z systemu Iglu&#8217;® ventilated roof w budynkach mieszkalnych, handlowych, przemysłowych i publicznych jest niezbędne, aby móc stworzyć:<br />
&#8211; <strong>wygodne poddasza</strong> z odpowiednimi właściwościami cieplno-wilgotnościowymi: utworzenie szczeliny powietrznej o stałej grubości to doskonały wybór konstrukcji, kompatybilny z każdym dachem dwuspadowym z betonu zbrojonego.<br />
&#8211; <strong>płaskie tarasy dachowe</strong>, aby umożliwić pełne wykorzystanie wybudowanej powierzchni.[/vc_column_text][/vc_column][vc_column][vc_column_text]<strong>ZALETY:<br />
</strong>• W MIESIĄCACH ZIMOWYCH POPRZEZ ZAMYKANIE WENTYLACJI ZA POMOCĄ PROSTEJ ZASUWY DACH WENTYLOWANY MOŻE IZOLOWAĆ OD ZIMNA PANUJĄCEGO NA ZEWNĄTRZ.<br />
• W MIESIĄCACH LETNICH MOŻE ON ZMNIEJSZYĆ NAGRZEWANIE PRZESTRZENI ZNAJDUJĄCEJ SIĘ PONIŻEJ DZIĘKI WENTYLACJI.<br />
• WENTYLACJA ZAPOBIEGA RÓWNIEŻ GROMADZENIU SIĘ WILGOCI PONIŻEJ POWIERZCHNI DACHU, A TYM SAMYM ZAPOBIEGA POWSTAWANIU PLEŚNI I INNYCH SUBSTANCJI, KTÓRE MOGĄ PROWADZIĆ DO DEGRADACJI KONSTRUKCJI.<br />
• ZNACZNA OSZCZĘDNOŚĆ ZUŻYCIA ENERGII (OGRZEWANIE/CHŁODZENIE).[/vc_column_text][vc_column_text]</p>
<p class="p1"><strong>Umieszczenie oszalowania dachu wentylowanego Iglù<sup>®</sup> na poziomym dachu budynku powoduje utworzenie wnęki powietrznej izolującej od ciepła latem i od zimna zimą oraz oszczędność pod względem klimatyzacji wewnętrznej budynku.</strong></p>
<p class="p1">Akumulacja ciepła latem i niskie temperatury zimą wraz z powstawaniem kondensacji i pleśni to zjawiska, których istotnym rozwiązaniem może być zastosowanie dachu wentylowanego Iglu&#8217;<sup>®</sup>, systemu, który umożliwia ciągły przepływ powietrza pod pokrywą dachową.<br />
<strong>Zastosowanie dachu wentylowanego Iglu&#8217;<sup>®</sup> (na dachach płaskich i skośnych) zapewnia większy komfort życia, zarówno zimą jak i latem, jak również wspomaga ochronę materiałów tworzących dach.</strong></p>
<p>[/vc_column_text][/vc_column][/vc_row][vc_row][vc_column][vc_separator][vc_column_text css=&#8221;.vc_custom_1592297006811{margin-bottom: 15px !important;}&#8221;]<strong>REKOMENDOWANE PRODUKTY:</strong>[/vc_column_text][vc_empty_space height=&#8221;10px&#8221;][/vc_column][vc_column][vc_masonry_grid post_type=&#8221;ids&#8221; element_width=&#8221;3&#8243; grid_id=&#8221;vc_gid:1627391613477-e9d16684-6942-0&#8243; include=&#8221;1034&#8243; el_class=&#8221;text-size-p&#8221;][/vc_column][/vc_row]</p>

<p>Wentylowanego Iglu&#8217;®, systemu, który umożliwia ciągły przepływ powietrza pod pokrywą dachową. </p>
