{"id":43879,"date":"2016-03-04T14:03:48","date_gmt":"2016-03-04T13:03:48","guid":{"rendered":"https:\/\/www.daliform.com\/iglu\/aplicaciones-iglu\/camaras-frigorificas\/"},"modified":"2022-03-02T09:37:00","modified_gmt":"2022-03-02T08:37:00","slug":"camaras-frigorificas","status":"publish","type":"page","link":"https:\/\/www.daliform.com\/es\/iglu-encofrado-para-forjados-sanitarios\/iglu-aplicaciones\/camaras-frigorificas\/","title":{"rendered":"C\u00e1maras frigor\u00edficas"},"content":{"rendered":"<p>[vc_row padding_top=\u00bb0&#8243; padding_bottom=\u00bb0&#8243;][vc_column]\n\t<div class=\"custom-heading wpb_content_element  heading-medium\">\n\t\t<h2 class=\"heading-title\" >Iglu'\u00ae crea una cavidad ventilada debajo del piso de c\u00e1maras frigor\u00edficas, evitando deformaciones y grietas.<\/h2>\n\t\t<span class=\"heading-line primary\"><\/span>\n\t<\/div>[\/vc_column][\/vc_row][vc_row][vc_column width=\u00bb1\/2&#8243;][vc_single_image image=\u00bb35114&#8243; img_size=\u00bbfull\u00bb alignment=\u00bbcenter\u00bb css=\u00bb.vc_custom_1627391311377{margin-left: -20px !important;}\u00bb][vc_column_text]<\/p>\n<p class=\"p1\"><span class=\"s1\"><b>VENTAJAS:<\/b><\/span><\/p>\n<p class=\"p1\"><span class=\"s1\">\u2022 PREVENCI\u00d3N DE LA DEFORMACI\u00d3N Y ELEVACI\u00d3N DEL SUELO<br \/>\n<\/span><span class=\"s1\">\u2022 ALTA RESISTENCIA A CARGAS DISTRIBUIDAS Y CONCENTRADAS<br \/>\n<\/span><span class=\"s1\">\u2022 VENTILACI\u00d3N EFECTIVA EN TODAS LAS DIRECCIONES<br \/>\n<\/span><span class=\"s1\">\u2022 ELIMINACI\u00d3N DEL AIRE CONGELADO<br \/>\n<\/span><span class=\"s1\">\u2022 F\u00c1CIL DE COLOCAR<br \/>\n<\/span><span class=\"s1\">\u2022 PASAJE DE SISTEMAS DE SUELO EN CADA DIRECCI\u00d3N<br \/>\n<\/span><span class=\"s1\">\u2022 SIN PUNTO DE CONTACTO ENTRE HORMIG\u00d3N Y SUELO<\/span><\/p>\n<p>[\/vc_column_text][\/vc_column][vc_column width=\u00bb1\/2&#8243;][vc_column_text]<span lang=\"es\">Una <strong>cavidad ventilada<\/strong> es el sistema ideal para obtener una ventilaci\u00f3n m\u00e1s efectiva debajo del piso porque gracias al Iglu&#8217;\u00ae es posible crear un solo compartimento abierto y permitir que el aire circule en todas las direcciones, evitando as\u00ed la aparici\u00f3n de criodesplazamiento .<br \/>\nIglu\u2019\u00ae es la soluci\u00f3n de construcci\u00f3n m\u00e1s segura y econ\u00f3mica para crear un espacio intermedio ventilado, en el caso de cuartos fr\u00edos positivos y negativos. Garantiza el mantenimiento de la temperatura de la cavidad por encima de cero eliminando la humedad presente en el sustrato y evitando as\u00ed que el suelo de la base (el complejo de suelo magro) se congele y se deforme empujando la superficie de colocaci\u00f3n hacia arriba y hacia abajo. consecuentemente causando el agrietamiento del piso (un proceso conocido como criosellado).<\/span>[\/vc_column_text][vc_column_text]<span lang=\"es\">El uso de Iglu\u2019\u00ae, para la formaci\u00f3n de un piso industrial para c\u00e1maras frigor\u00edficas, se estableci\u00f3 en el LGPCF de 2014 (ENCOPER). El texto especifica los requisitos esenciales necesarios para la durabilidad de todas las placas de concreto para uso industrial para almacenamiento en fr\u00edo. En particular, se discuten los requisitos esenciales de resistencia mec\u00e1nica y estabilidad no previstos en la norma UNI 11146 m\u00e1s gen\u00e9rica.<\/span>[\/vc_column_text][\/vc_column][\/vc_row][vc_row][vc_column][vc_separator][vc_column_text css=\u00bb.vc_custom_1592297006811{margin-bottom: 15px !important;}\u00bb]<strong>PRODUCTOS RECOMENDADOS:<\/strong>[\/vc_column_text][vc_empty_space height=\u00bb10px\u00bb][\/vc_column][vc_column][vc_masonry_grid post_type=\u00bbids\u00bb element_width=\u00bb3&#8243; grid_id=\u00bbvc_gid:1627390802089-3cc89707-08bd-4&#8243; include=\u00bb1034&#8243; el_class=\u00bbtext-size-p\u00bb][\/vc_column][\/vc_row]<\/p>\n","protected":false},"excerpt":{"rendered":"<p>Iglu&#8217; para ambientes destinados al control de la humedad y de la temperatura (c\u00e1maras frigor\u00edficas, almacenes alimentarios, s\u00f3tanos, c\u00e1maras de secado).<\/p>\n","protected":false},"author":1,"featured_media":57895,"parent":42701,"menu_order":1,"comment_status":"closed","ping_status":"closed","template":"","meta":[],"acf":[],"aioseo_notices":[],"_links":{"self":[{"href":"https:\/\/www.daliform.com\/es\/wp-json\/wp\/v2\/pages\/43879"}],"collection":[{"href":"https:\/\/www.daliform.com\/es\/wp-json\/wp\/v2\/pages"}],"about":[{"href":"https:\/\/www.daliform.com\/es\/wp-json\/wp\/v2\/types\/page"}],"author":[{"embeddable":true,"href":"https:\/\/www.daliform.com\/es\/wp-json\/wp\/v2\/users\/1"}],"replies":[{"embeddable":true,"href":"https:\/\/www.daliform.com\/es\/wp-json\/wp\/v2\/comments?post=43879"}],"version-history":[{"count":0,"href":"https:\/\/www.daliform.com\/es\/wp-json\/wp\/v2\/pages\/43879\/revisions"}],"up":[{"embeddable":true,"href":"https:\/\/www.daliform.com\/es\/wp-json\/wp\/v2\/pages\/42701"}],"wp:featuredmedia":[{"embeddable":true,"href":"https:\/\/www.daliform.com\/es\/wp-json\/wp\/v2\/media\/57895"}],"wp:attachment":[{"href":"https:\/\/www.daliform.com\/es\/wp-json\/wp\/v2\/media?parent=43879"}],"curies":[{"name":"wp","href":"https:\/\/api.w.org\/{rel}","templated":true}]}}

Cámaras frigoríficas

<p>[vc_row padding_top=»0&#8243; padding_bottom=»0&#8243;][vc_column]
	<div class="custom-heading wpb_content_element  heading-medium">
		<h2 class="heading-title" >Iglu'® crea una cavidad ventilada debajo del piso de cámaras frigoríficas, evitando deformaciones y grietas.</h2>
		<span class="heading-line primary"></span>
	</div>[/vc_column][/vc_row][vc_row][vc_column width=»1/2&#8243;][vc_single_image image=»35114&#8243; img_size=»full» alignment=»center» css=».vc_custom_1627391311377{margin-left: -20px !important;}»][vc_column_text]</p>
<p class="p1"><span class="s1"><b>VENTAJAS:</b></span></p>
<p class="p1"><span class="s1">• PREVENCIÓN DE LA DEFORMACIÓN Y ELEVACIÓN DEL SUELO<br />
</span><span class="s1">• ALTA RESISTENCIA A CARGAS DISTRIBUIDAS Y CONCENTRADAS<br />
</span><span class="s1">• VENTILACIÓN EFECTIVA EN TODAS LAS DIRECCIONES<br />
</span><span class="s1">• ELIMINACIÓN DEL AIRE CONGELADO<br />
</span><span class="s1">• FÁCIL DE COLOCAR<br />
</span><span class="s1">• PASAJE DE SISTEMAS DE SUELO EN CADA DIRECCIÓN<br />
</span><span class="s1">• SIN PUNTO DE CONTACTO ENTRE HORMIGÓN Y SUELO</span></p>
<p>[/vc_column_text][/vc_column][vc_column width=»1/2&#8243;][vc_column_text]<span lang="es">Una <strong>cavidad ventilada</strong> es el sistema ideal para obtener una ventilación más efectiva debajo del piso porque gracias al Iglu&#8217;® es posible crear un solo compartimento abierto y permitir que el aire circule en todas las direcciones, evitando así la aparición de criodesplazamiento .<br />
Iglu’® es la solución de construcción más segura y económica para crear un espacio intermedio ventilado, en el caso de cuartos fríos positivos y negativos. Garantiza el mantenimiento de la temperatura de la cavidad por encima de cero eliminando la humedad presente en el sustrato y evitando así que el suelo de la base (el complejo de suelo magro) se congele y se deforme empujando la superficie de colocación hacia arriba y hacia abajo. consecuentemente causando el agrietamiento del piso (un proceso conocido como criosellado).</span>[/vc_column_text][vc_column_text]<span lang="es">El uso de Iglu’®, para la formación de un piso industrial para cámaras frigoríficas, se estableció en el LGPCF de 2014 (ENCOPER). El texto especifica los requisitos esenciales necesarios para la durabilidad de todas las placas de concreto para uso industrial para almacenamiento en frío. En particular, se discuten los requisitos esenciales de resistencia mecánica y estabilidad no previstos en la norma UNI 11146 más genérica.</span>[/vc_column_text][/vc_column][/vc_row][vc_row][vc_column][vc_separator][vc_column_text css=».vc_custom_1592297006811{margin-bottom: 15px !important;}»]<strong>PRODUCTOS RECOMENDADOS:</strong>[/vc_column_text][vc_empty_space height=»10px»][/vc_column][vc_column][vc_masonry_grid post_type=»ids» element_width=»3&#8243; grid_id=»vc_gid:1627390802089-3cc89707-08bd-4&#8243; include=»1034&#8243; el_class=»text-size-p»][/vc_column][/vc_row]</p>

<p>Iglu&#8217; para ambientes destinados al control de la humedad y de la temperatura (cámaras frigoríficas, almacenes alimentarios, sótanos, cámaras de secado).</p>
